{"id":9,"date":"2014-06-16T07:45:14","date_gmt":"2014-06-16T07:45:14","guid":{"rendered":"http:\/\/villareal.se\/hemsida\/?page_id=9"},"modified":"2024-03-05T18:39:29","modified_gmt":"2024-03-05T18:39:29","slug":"dokumentbilder","status":"publish","type":"page","link":"http:\/\/villareal.se\/hemsida\/dokumentbilder\/","title":{"rendered":"DOKUMENT\/BILDER"},"content":{"rendered":"<p><strong>OBS. F\u00f6r att l\u00e4sa dokumenten m\u00e5ste du ladda ner dem till din enhet.<\/strong><\/p>\n<p><a href=\"http:\/\/villareal.se\/hemsida\/dokument-alla\/\" target=\"_blank\" rel=\"noopener\">Dokument &#8211; allm\u00e4nt &gt;&gt;<\/a><br \/>\n<a href=\"http:\/\/villareal.se\/hemsida\/dokument-medlemmar\/\" target=\"_blank\" rel=\"noopener\">Dokument &#8211; medlemmar (kr\u00e4ver inloggning, kontakta styrelsen) &gt;&gt;<\/a><br \/>\n<a href=\"http:\/\/villareal.se\/hemsida\/dokument-styrelsen\/\" target=\"_blank\" rel=\"noopener\">Dokument &#8211; styrelsen (kr\u00e4ver inloggning) &gt;&gt;<\/a><\/p>\n<table style=\"width: 194px;\">\n<tbody>\n<tr>\n<td style=\"height: 194px; background: url('https:\/\/picasaweb.google.com\/s\/c\/transparent_album_background.gif') no-repeat left;\" align=\"center\"><a href=\"https:\/\/picasaweb.google.com\/VillaRealHalmstad\/DIverseBilder?authuser=0&amp;feat=embedwebsite\"><img loading=\"lazy\" style=\"margin: 1px 0 0 4px;\" src=\"https:\/\/lh5.googleusercontent.com\/-3U9WHzdbGBg\/Si94q9S3peE\/AAAAAAAAAjc\/6fDhfgmqbCw\/s160-c\/DIverseBilder.jpg\" alt=\"\" width=\"160\" height=\"160\" \/><\/a><\/td>\n<\/tr>\n<tr>\n<td style=\"text-align: center; font-family: arial,sans-serif; font-size: 11px;\">Klicka p\u00e5 nedanst\u00e5ende l\u00e4nkar<\/td>\n<\/tr>\n<\/tbody>\n<\/table>\n<p><a href=\"https:\/\/picasaweb.google.com\/111142705116560508105\/DIverseBilder?authuser=0&amp;feat=embedwebsite#5350513629266170882\">Bilder av gemensamhetslokalen och bilder fr\u00e5n bygget av v\u00e5r fastighet<\/a><\/p>\n<p>&nbsp;<\/p>\n","protected":false},"excerpt":{"rendered":"<p>OBS. F\u00f6r att l\u00e4sa dokumenten m\u00e5ste du ladda ner dem till din enhet. Dokument &#8211; allm\u00e4nt &gt;&gt; Dokument &#8211; medlemmar (kr\u00e4ver inloggning, kontakta styrelsen) &gt;&gt; Dokument &#8211; styrelsen (kr\u00e4ver inloggning) &gt;&gt; Klicka p\u00e5 nedanst\u00e5ende l\u00e4nkar Bilder av gemensamhetslokalen och bilder fr\u00e5n bygget av v\u00e5r fastighet &nbsp;<\/p>\n","protected":false},"author":1,"featured_media":0,"parent":0,"menu_order":0,"comment_status":"closed","ping_status":"closed","template":"","meta":[],"_links":{"self":[{"href":"http:\/\/villareal.se\/hemsida\/wp-json\/wp\/v2\/pages\/9"}],"collection":[{"href":"http:\/\/villareal.se\/hemsida\/wp-json\/wp\/v2\/pages"}],"about":[{"href":"http:\/\/villareal.se\/hemsida\/wp-json\/wp\/v2\/types\/page"}],"author":[{"embeddable":true,"href":"http:\/\/villareal.se\/hemsida\/wp-json\/wp\/v2\/users\/1"}],"replies":[{"embeddable":true,"href":"http:\/\/villareal.se\/hemsida\/wp-json\/wp\/v2\/comments?post=9"}],"version-history":[{"count":13,"href":"http:\/\/villareal.se\/hemsida\/wp-json\/wp\/v2\/pages\/9\/revisions"}],"predecessor-version":[{"id":865,"href":"http:\/\/villareal.se\/hemsida\/wp-json\/wp\/v2\/pages\/9\/revisions\/865"}],"wp:attachment":[{"href":"http:\/\/villareal.se\/hemsida\/wp-json\/wp\/v2\/media?parent=9"}],"curies":[{"name":"wp","href":"https:\/\/api.w.org\/{rel}","templated":true}]}}